ate the remainder when b is divided by i.
5
Let y be 2 - 1 - (-13 + 15). What is the remainder when -69*4/(-12) - y is divided by 5?
4
Let c be -16*(75/6*-1 + -3). Suppose -2*i + c = -p + 16, i - 2*p = 122. Calculate the remainder when i is divided by 58.
56
Let w(x) = 2*x**2 - 21*x + 13. Let u be w(10). Suppose 5*k - 339 + 29 = -2*n, 45 = k - u*n. What is the remainder when k is divided by 22?
16
Suppose 0 = -0*q - 3*q - 6. Let z(n) = -2*n**3 - n**2 - 3*n - 3. What is the remainder when 25 is divided by z(q)?
10
Suppose 33839 = 181*g - 44*g. Calculate the remainder when g is divided by 79.
10
Let f = 31 + -27. Suppose -2*c - 5 = -5*i, -f*i - 4*c = c - 37. What is the remainder when 4 is divided by i?
1
Let k(i) be the first derivative of i**2/2 + 11*i - 1. Suppose -30 = -9*d + 8*d. Calculate the remainder when d is divided by k(0).
8
Let o(i) = -i**2 + i - 1. Let z be o(1). What is the remainder when -26*(28 - 18)/(-20) is divided by 23/3 + z/(-3)?
5
Let a be ((-12)/(-4))/((-3)/2). Calculate the remainder when (-5)/(2/(40/a)) is divided by 17.
16
Suppose -3*y - 1392 = 13*y. Let r = y - -110. What is the remainder when r is divided by 14?
9
Let u = -175 - -227. What is the remainder when u is divided by 19?
14
Suppose 2*g - 57 = -q - g, 5*q + 5*g - 275 = 0. What is the remainder when 90 is divided by q?
36
Let n(l) = -l**2 + 7 + 1 + l - 4*l - 2*l. Let d be n(-6). Suppose 3*p + d*p = -2*x + 39, -5*p + 25 = 0. What is the remainder when 27 is divided by x?
6
Suppose -3*s - d - 1 = -14, s = 2*d + 2. Suppose 100 = s*p + 40. Suppose h = 11 + 17. Calculate the remainder when h is divided by p.
13
What is the remainder when 127 is divided by 14/4*1300/70?
62
Suppose -5*o + 5165 = -2640. Let q = -745 + o. What is the remainder when 10/(-55) - q/(-11) is divided by 19?
17
Let p(l) = -l**2 - 6*l + 12. Let u be p(-8). What is the remainder when -3 + (-14)/u + (-410)/(-4) is divided by 35?
33
Let o(f) = -87*f**3 + f**2 + 3*f + 2. Let d be o(-1). Let q = 72 + -10. Let r = d - q. Calculate the remainder when 48 is divided by r.
23
Let q(t) = 2*t**2 - 6 + 3*t + t**3 + 7*t**2 - 5*t - 9*t. Let n be q(-10). Let o(f) = 10*f - 7. What is the remainder when o(n) is divided by 17?
16
Suppose 0 = 3*f - 4*f + 15. Suppose -j = 3*j - 16, -q + 2*j = -f. Let y(x) = x**3 + 6*x**2 + 2*x - 7. Calculate the remainder when q is divided by y(-5).
7
Suppose 0 = -2*q + 8, -16 = -n + 5*q - 3. Suppose 61*i - 56*i = -4*t + 644, 0 = -5*i + 4*t + 636. Calculate the remainder when i is divided by n.
29
Suppose 5*o = 2*o + 69. Let h = 77 - o. Let j = -8572 - -8591. What is the remainder when h is divided by j?
16
Suppose q - 6 = -4*m, -2*m + 38 = 4*q - 0*m. Suppose 0 = 125*g - 120*g - 445. Calculate the remainder when g is divided by q.
9
Suppose 5*o + 5*w = 340, -3*w = -5*o - 7*w + 340. Let z(d) = -2*d + 93. What is the remainder when o is divided by z(29)?
33
Suppose 9*p - 4*p = -w + 552, -p - 3*w + 102 = 0. Calculate the remainder when p is divided by 58.
53
Suppose 76 = 38*f - 36*f - 3*r, 5*f - r - 164 = 0. What is the remainder when 3391 is divided by f?
31
Calculate the remainder when ((-4)/8 - (-1)/(-2)) + 116 is divided by 59.
56
Let i be 5*-1*96/(-80). Suppose 87 = 7*a - i*a. What is the remainder when a is divided by 22?
21
Let h(w) = -2*w**3 + 27*w**2 - 4*w - 34. Calculate the remainder when h(-7) is divided by 118.
115
Suppose 399*g - 416*g = -4216. What is the remainder when g is divided by 25?
23
Let j = 369 - 347. Let o(p) = 4*p. Let f be o(2). Let r = 16 - f. What is the remainder when j is divided by r?
6
Let j = -10 + 20. Suppose 4*t - j = 2*o, -4 = -t - 3*o + 9. Suppose t*q = 28 + 8. What is the remainder when q is divided by 4?
1
Let b(u) = -u**2 + 8*u - 3. Let m be b(7). What is the remainder when (2 + 143/m)/((-3)/(-12)) is divided by 39?
34
Let i = 2 - -11. Let t(g) = 162*g + 673. Calculate the remainder when t(-4) is divided by i.
12
Let q be 11 - 2 - (2 - 2). What is the remainder when ((-48)/q)/((-10)/165) is divided by 13?
10
Let v be 549/(-27) - (-4)/(-6). Let c = 33 + v. Let d = 31 - 8. What is the remainder when d is divided by c?
11
Let v(w) = 6 + 4*w + 10 - w**2 + 0*w + 0*w. Calculate the remainder when 13 is divided by v(6).
1
Suppose 0 = -0*j - 3*j + 9, 4*f - 4*j - 176 = 0. What is the remainder when 151 is divided by f?
10
Suppose 0 = 2*s - 49 - 63. What is the remainder when 276 is divided by s?
52
Suppose -174*y - 112 = -178*y. What is the remainder when y is divided by 3 + (-33)/(-3) + 2?
12
Let m(s) be the third derivative of s**5/60 - s**4/8 - s**3/2 + s**2. Suppose -503*h + 500*h = -75. Calculate the remainder when h is divided by m(5).
4
Let u be ((-2 - 3) + 4)*-16. Suppose 4*d + 0 - u = 0. Suppose -8*s = -d*s - 56. What is the remainder when 25 is divided by s?
11
Suppose -530*z + 509*z = -336. What is the remainder when 53 is divided by z?
5
Let l(t) = 3 - 9 - 3*t - 6*t - 10*t**2 + t**3. What is the remainder when l(11) is divided by 6?
4
Suppose -30*w + 18*w = -8748. What is the remainder when w is divided by 61?
58
Let t = -254 - -268. Suppose -d = -5*j + 424 - 19, -57 = -j + 5*d. Calculate the remainder when j is divided by t.
12
Let j = 0 + -2. Let v be -18 + (-6 + 16 - 3). What is the remainder when 10 is divided by j/v - 504/(-132)?
2
Let h = -684 - -717. What is the remainder when h is divided by 14?
5
Let a(r) = -2*r**2 + 6*r. Let x be a(6). Calculate the remainder when 10*(x/(-8))/9 is divided by 4.
1
Let c = 14 - 11. Let q be (-124)/6*c/(-2). Let y = q + -12. Calculate the remainder when y is divided by 5.
4
Let f = 23 + -19. Suppose -f*r + 6*r - 4*n - 44 = 0, 2*r - 9 = -3*n. Let x = 37 + -15. Calculate the remainder when x is divided by r.
10
Let c(o) = 4*o**2 + 18*o + 10. Let s be c(-4). Suppose -h + 2*h + 4*p = 104, -h - s*p = -94. Calculate the remainder when h is divided by 11.
7
Suppose 4*w = 627 + 205. Let c = w + -194. Suppose 205 = -h + 6*h. Calculate the remainder when h is divided by c.
13
Let x(i) = i**3 + i**2 + i - 1. Calculate the remainder when x(4) is divided by 2 - (54 + -6)/(-4).
13
Let k(i) = -3 + i + 0*i - 3 + 4. What is the remainder when k(20) is divided by 12?
6
Suppose m - 6*m + 10 = 0, -2*b = -4*m + 4. What is the remainder when 60 is divided by 205/10 + b*(-2)/(-8)?
18
Suppose d - 4*t - t + 14 = 0, t = -5*d - 18. Let n(v) = -2*v**2 - 5*v + 3. Let x be n(d). Let z(o) = o + 20. What is the remainder when 30 is divided by z(x)?
8
Calculate the remainder when 254 is divided by (-2)/9 + (-16530)/(-513).
30
Suppose 5*q = 4*i + 103, -15*i + 106 = 5*q - 18*i. Calculate the remainder when 93 is divided by q.
1
Let d(a) = -a**3 + 2*a - 55. Let q be d(0). Let b = q + 77. Let f(w) = -19*w + 3. What is the remainder when f(-2) is divided by b?
19
Suppose 384*o = 391*o - 3199. What is the remainder when o is divided by 78?
67
Suppose 0 = 233*r - 236*r + 27. What is the remainder when 35 is divided by r?
8
Let d = 83 - 161. What is the remainder when -4 - (d - 2/2) is divided by 39?
36
Let t = 10 + 1. Suppose 75 = 2*j - 167. What is the remainder when j/3 - (-8)/12 is divided by t?
8
Let k(y) = 2*y + 31. Suppose -x + 8 = -5*z, -25 + 1 = -3*x + 3*z. What is the remainder when x is divided by k(-14)?
2
Let j(n) = 15*n**3 + 8*n**2 - 17*n - 3. Calculate the remainder when j(2) is divided by 109.
6
Let b = 215 + -201. Let h = 0 - -3. Suppose 0 = -3*g - 2*a + 112, -h*a + 112 = 2*g + 44. What is the remainder when g is divided by b?
12
Let i(c) = 13*c**2 + 29*c + 17. Let o(b) = -7*b**2 - 15*b - 9. Let v(a) = 4*i(a) + 7*o(a). Calculate the remainder when v(5) is divided by 34.
33
Let y(s) = -14*s - 17 - 10*s - 6 + s**2 - 11. Calculate the remainder when 51 is divided by y(26).
15
Let n = 86 - -22. Suppose 0 = 5*w - 247 - 78. What is the remainder when w is divided by n/5 - (-4)/10?
21
Let v be (-3)/(-3) + (-24)/(-8). Suppose -7*z + 104 = -3*z. Calculate the remainder when z is divided by -2 - (v - (10 - -3)).
5
Suppose -4*d = 5*n - 3*d - 2, -4*n + d - 2 = 0. Suppose -o = -n*o. Suppose o = -9*k + 5*k + 84. What is the remainder when 62 is divided by k?
20
What is the remainder when ((-435)/(-20))/((-3)/(-16)) is divided by 26?
12
Suppose -29 = -2*f + 35. Calculate the remainder when f is divided by 20.
12
Let r be (-1)/(-4) 